
5
Calculate the remainder when 20406394 is divided by 16.
10
What is the remainder when 939668 is divided by 3218?
12
What is the remainder when 1512867288 is divided by 3905?
3903
Calculate the remainder when 25997970 is divided by 194.
30
What is the remainder when 19037642 is divided by 268?
262
Calculate the remainder when 1415847 is divided by 312.
303
What is the remainder when 21762906 is divided by 7?
4
Calculate the remainder when 1602571 is divided by 863.
843
Calculate the remainder when 41598304 is divided by 5942613.
13
Calculate the remainder when 118915414 is divided by 36.
34
Calculate the remainder when 15308841 is divided by 67144.
9
What is the remainder when 45027127 is divided by 15009033?
28
What is the remainder when 28763 is divided by 1657?
594
Calculate the remainder when 42497649 is divided by 186.
183
Calculate the remainder when 1872041 is divided by 1679.
1635
What is the remainder when 4291548 is divided by 171656?
148
Calculate the remainder when 52045 is divided by 39.
19
Calculate the remainder when 6840641 is divided by 100597.
45
Calculate the remainder when 237288 is divided by 993.
954
What is the remainder when 19089 is divided by 175?
14
What is the remainder when 826539341 is divided by 718?
717
What is the remainder when 284389 is divided by 15793?
115
Calculate the remainder when 908257 is divided by 100914.
31
Calculate the remainder when 32926066 is divided by 756.
754
Calculate the remainder when 7934 is divided by 7773.
161
What is the remainder when 97257 is divided by 48610?
37
Calculate the remainder when 834804 is divided by 995.
994
Calculate the remainder when 923110 is divided by 30770.
10
Calculate the remainder when 3513283 is divided by 323.
12
Calculate the remainder when 121931580 is divided by 71.
14
Calculate the remainder when 2074756 is divided by 30.
16
What is the remainder when 727528 is divided by 1135?
1128
What is the remainder when 1306025602 is divided by 117?
115
Calculate the remainder when 413653 is divided by 490.
93
What is the remainder when 8131274 is divided by 38905?
129
What is the remainder when 857591 is divided by 7077?
1274
Calculate the remainder when 481001 is divided by 8621.
6846
Calculate the remainder when 1292120 is divided by 300.
20
Calculate the remainder when 3715574 is divided by 499.
20
Calculate the remainder when 111859 is divided by 799.
798
What is the remainder when 344487 is divided by 5488?
4231
Calculate the remainder when 32683 is divided by 8000.
683
What is the remainder when 2379900 is divided by 266?
264
Calculate the remainder when 140857 is divided by 393.
163
Calculate the remainder when 496539 is divided by 288.
27
Calculate the remainder when 29604086 is divided by 604165.
1
What is the remainder when 341998 is divided by 339855?
2143
What is the remainder when 117646 is divided by 38981?
703
Calculate the remainder when 52388 is divided by 3723.
266
What is the remainder when 16550473 is divided by 134?
133
Calculate the remainder when 1008041947 is divided by 123.
121
What is the remainder when 563979 is divided by 1144?
1131
Calculate the remainder when 249862 is divided by 889.
53
Calculate the remainder when 16912450 is divided by 63106.
42
What is the remainder when 242589 is divided by 80757?
318
What is the remainder when 843071 is divided by 32?
31
What is the remainder when 242497 is divided by 7780?
1317
What is the remainder when 215273471 is divided by 768?
767
Calculate the remainder when 234258 is divided by 77585.
1503
Calculate the remainder when 417785 is divided by 787.
675
Calculate the remainder when 20800 is divided by 364.
52
What is the remainder when 5678204 is divided by 3704?
3676
Calculate the remainder when 291242 is divided by 40.
2
Calculate the remainder when 1158566 is divided by 289624.
70
What is the remainder when 142664849 is divided by 2601?
2600
What is the remainder when 108699037 is divided by 5402?
5395
Calculate the remainder when 100566 is divided by 33164.
1074
Calculate the remainder when 10158835 is divided by 1612.
11
Calculate the remainder when 96604806 is divided by 21.
18
Calculate the remainder when 897245 is divided by 5750.
245
Calculate the remainder when 12824835 is divided by 106.
1
Calculate the remainder when 4104586 is divided by 2052292.
2
What is the remainder when 159318 is divided by 51547?
4677
Calculate the remainder when 23495983 is divided by 5873990.
23
What is the remainder when 620970 is divided by 155127?
462
What is the remainder when 1333012 is divided by 60588?
76
Calculate the remainder when 79101 is divided by 3763.
78
What is the remainder when 205772 is divided by 677?
641
Calculate the remainder when 267678713 is divided by 79690.
3
Calculate the remainder when 18866223 is divided by 52.
51
Calculate the remainder when 31378 is divided by 7490.
1418
What is the remainder when 525710 is divided by 524166?
1544
What is the remainder when 747241 is divided by 303?
43
What is the remainder when 181662 is divided by 181636?
26
What is the remainder when 164159 is divided by 81926?
307
What is the remainder when 164694457 is divided by 1053?
1045
Calculate the remainder when 16567 is divided by 5203.
958
What is the remainder when 12461 is divided by 418?
339
What is the remainder when 88445 is divided by 215?
80
Calculate the remainder when 838293 is divided by 100.
93
What is the remainder when 118980 is divided by 23753?
215
What is the remainder when 7547905 is divided by 26391?
79
What is the remainder when 71188 is divided by 2632?
124
Calculate the remainder when 81559 is divided by 44.
27
What is the remainder when 11486 is divided by 584?
390
What is the remainder when 322843 is divided by 50?
43
Calculate the remainder when 1537605 is divided by 1537251.
354
Calculate the remainder when 1851701 is divided by 47478.
59
Calculate the remainder when 214676694 is divided by 4992481.
11
Calculate the remainder when 183163 is divided by 58.
57
What is the remainder when 1967327 is divided by 13950?
377
Calculate the remainder when 201869 is divided by 10065.
569
What is the remainder when 1829584 is divided by 550?
284
What is the remainder when 22347320 is divided by 200?
120
What is the remainder when 54182 is divided by 10826?
52
What is the remainder when 15291 is divided by 4772?
975
Calculate the remainder when 2932069 is divided by 127.
20
What is the remainder when 354869 is divided by 118275?
44
What is the remainder when 297688 is divided by 1592?
1576
What is the remainder when 75971340 is divided by 2234451?
6
Calculate the remainder when 3129346 is divided by 243.
235
What is the remainder when 651261 is divided by 2564?
5
Calculate the remainder when 4940725 is divided by 598.
49
What is the remainder when 11729374 is divided by 1910?
64
What is the remainder when 513627292 is divided by 5046?
5044
Calculate the remainder when 8162321 is divided by 2280.
2201
Calculate the remainder when 107003 is divided by 128.
123
Calculate the remainder when 325696856 is divided by 6397.
6395
What is the remainder when 23523926 is divided by 45?
41
Calculate the remainder when 263395 is divided by 1504.
195
Calculate the remainder when 326569 is divided by 4673.
4132
Calculate the remainder when 37433 is divided by 2892.
2729
Calculate the remainder when 4968581 is divided by 30670.
41
What is the remainder when 3111364 is divided by 345689?
163
What is the remainder when 60387877 is divided by 140?
137
Calculate the remainder when 48572 is divided by 8094.
8
Calculate the remainder when 1096072 is divided by 53.
32
Calculate the remainder when 5303238 is divided by 5003.
58
Calculate the remainder when 1258948 is divided by 385.
383
What is the remainder when 963726 is divided by 158?
84
What is the remainder when 2304810 is divided by 1312?
938
Calculate the remainder when 5868749 is divided by 17.
9
Calculate the remainder when 264339 is divided by 132106.
127
Calculate the remainder when 2873705 is divided by 5178.
5093
What is the remainder when 1263703 is divided by 1853?
1810
Calculate the remainder when 498190 is divided by 2017.
2008
Calculate the remainder when 344673 is divided by 114817.
222
Calculate the remainder when 687124 is div